ided by 12?
8
What is the remainder when 136652 is divided by 1413?
1004
Calculate the remainder when 12713163 is divided by 1155733.
100
Calculate the remainder when 34401035 is divided by 1025.
1010
Calculate the remainder when 5191603 is divided by 43.
41
What is the remainder when 2028792 is divided by 10404?
12
Calculate the remainder when 18177708 is divided by 6059235.
3
What is the remainder when 70559748 is divided by 292?
284
What is the remainder when 506374 is divided by 1493?
247
Calculate the remainder when 11857 is divided by 1254.
571
Calculate the remainder when 192381 is divided by 558.
429
What is the remainder when 772049 is divided by 235?
74
Calculate the remainder when 141430 is divided by 86.
46
Calculate the remainder when 263901042 is divided by 22.
20
Calculate the remainder when 1192791 is divided by 17037.
201
What is the remainder when 559964 is divided by 2267?
15
Calculate the remainder when 207452 is divided by 988.
960
What is the remainder when 875786 is divided by 1148?
1010
Calculate the remainder when 42943 is divided by 4602.
1525
What is the remainder when 87467 is divided by 932?
791
Calculate the remainder when 2625142 is divided by 814.
806
What is the remainder when 377549 is divided by 100?
49
Calculate the remainder when 16942859 is divided by 45.
44
Calculate the remainder when 1678761 is divided by 2075.
86
Calculate the remainder when 11720231 is divided by 44.
39
Calculate the remainder when 77919 is divided by 66.
39
What is the remainder when 3842234 is divided by 1106?
1096
What is the remainder when 484445055 is divided by 34?
33
Calculate the remainder when 5128977 is divided by 1354.
25
Calculate the remainder when 39818223 is divided by 1091.
1087
What is the remainder when 11230955 is divided by 1323?
8
Calculate the remainder when 4115099 is divided by 66.
65
Calculate the remainder when 338753 is divided by 826.
93
Calculate the remainder when 5875551 is divided by 190.
181
What is the remainder when 2773344 is divided by 1821?
1782
Calculate the remainder when 111271 is divided by 2234.
1805
Calculate the remainder when 9211454 is divided by 210.
14
What is the remainder when 486674 is divided by 1035?
224
What is the remainder when 4753 is divided by 1140?
193
What is the remainder when 46735134 is divided by 1106?
1104
What is the remainder when 384733294 is divided by 3216?
3214
What is the remainder when 242986 is divided by 79?
61
Calculate the remainder when 21824545 is divided by 719.
19
Calculate the remainder when 290341 is divided by 93.
88
What is the remainder when 11279959 is divided by 403?
392
What is the remainder when 19805251 is divided by 1223?
1212
What is the remainder when 43777221 is divided by 157?
126
What is the remainder when 429451 is divided by 16515?
61
Calculate the remainder when 15450409 is divided by 455.
429
Calculate the remainder when 1546517 is divided by 1786.
1627
Calculate the remainder when 2425243 is divided by 2425155.
88
Calculate the remainder when 1192747 is divided by 148.
15
What is the remainder when 1408683 is divided by 8190?
3
Calculate the remainder when 646142 is divided by 320.
62
Calculate the remainder when 70309 is divided by 1822.
1073
What is the remainder when 17296457 is divided by 273?
269
Calculate the remainder when 121941277 is divided by 326.
325
Calculate the remainder when 105326 is divided by 2713.
2232
What is the remainder when 9103705 is divided by 66?
61
What is the remainder when 31439 is divided by 6041?
1234
What is the remainder when 194914319 is divided by 3188?
3187
Calculate the remainder when 87899 is divided by 83085.
4814
Calculate the remainder when 3807821 is divided by 141030.
11
Calculate the remainder when 209955 is divided by 3761.
3100
What is the remainder when 136943 is divided by 136164?
779
What is the remainder when 11954480 is divided by 28463?
20
What is the remainder when 84107863 is divided by 2234?
2231
Calculate the remainder when 1714812 is divided by 40.
12
What is the remainder when 1012061 is divided by 144388?
1345
What is the remainder when 2678216 is divided by 2708?
4
Calculate the remainder when 224525 is divided by 108.
101
Calculate the remainder when 97175 is divided by 41.
5
Calculate the remainder when 20776965 is divided by 807.
750
Calculate the remainder when 76605237 is divided by 874.
11
What is the remainder when 1029 is divided by 902?
127
What is the remainder when 495152 is divided by 495139?
13
What is the remainder when 62758 is divided by 424?
6
Calculate the remainder when 1023769 is divided by 409.
42
Calculate the remainder when 3986196 is divided by 142364.
4
What is the remainder when 174123 is divided by 1933?
153
What is the remainder when 211101 is divided by 262?
191
Calculate the remainder when 2463516 is divided by 351810.
846
What is the remainder when 145005366 is divided by 260?
246
What is the remainder when 1934 is divided by 1251?
683
What is the remainder when 159663 is divided by 219?
12
What is the remainder when 11839833 is divided by 237?
24
Calculate the remainder when 655653 is divided by 54.
39
What is the remainder when 5101840 is divided by 566870?
10
Calculate the remainder when 30168624 is divided by 320.
304
Calculate the remainder when 30313980 is divided by 70.
60
Calculate the remainder when 58742833 is divided by 11748566.
3
What is the remainder when 2288239 is divided by 326888?
23
Calculate the remainder when 371460 is divided by 107.
63
Calculate the remainder when 105289 is divided by 281.
195
What is the remainder when 263112 is divided by 7130?
6432
Calculate the remainder when 996205 is divided by 167.
50
Calculate the remainder when 520424 is divided by 2454.
176
Calculate the remainder when 285824476 is divided by 17.
8
What is the remainder when 207825 is divided by 5977?
4607
What is the remainder when 166153 is divided by 955?
938
What is the remainder when 361284 is divided by 1463?
1386
Calculate the remainder when 26961626 is divided by 310.
306
Calculate the remainder when 58886 is divided by 400.
86
Calculate the remainder when 3033408 is divided by 1011100.
108
What is the remainder when 40389239 is divided by 8302?
9
Calculate the remainder when 15548289 is divided by 318.
315
Calculate the remainder when 4277500 is divided by 2156.
2152
Calculate the remainder when 9291126 is divided by 1838.
36
What is the remainder when 333909 is divided by 46?
41
What is the remainder when 4115252 is divided by 22990?
42
What is the remainder when 7724547 is divided by 5160?
27
Calculate the remainder when 149721 is divided by 74664.
393
What is the remainder when 24079076 is divided by 99?
98
What is the remainder when 101981 is divided by 8497?
17
Calculate the remainder when 124523318 is divided by 19017.
2
Calculate the remainder when 93390 is divided by 88.
22
What is the remainder when 383260 is divided by 191573?
114
What is the remainder when 1683848 is divided by 105?
68
Calculate the remainder when 46437064 is divided by 21.
16
What is the remainder when 2629425 is divided by 101?
92
What is the remainder when 20611 is divided by 10295?
21
What is the remainder when 6596144 is divided by 156?
152
What is the remainder when 230150 is divided by 652?
646
What is the remainder when 517911 is divided by 160?
151
Calculate the remainder when 763567 is divided by 651.
595
What is the remainder when 291137775 is divided by 774?
771
Calculate the remainder when 14129689 is divided by 429.
145
What is the remainder when 74047 is divided by 8412?
6751
Calculate the remainder when 33004430 is divided by 126940.
30
Calculate the remainder when 7422 is divided by 2894.
1634
What is the remainder when 18189921 is divided by 841?
773
Calculate the remainder when 3139493 is divided by 156.
149
What is the remainder when 69739354 is divided by 7?
6
What is the remainder when 51808 is divided by 478?
184
Calculate the remainder when 454837 is divided by 10.
7
Calculate the remainder when 4597616 is divided by 33806.
0
What is the remainder when 317985 is divided by 158717?
551
Calculate the remainder when 542250 is divided by 3389.
10
Calculate the remainder when 348948 is divided by 509.
283
What is the remainder when 